= -4*x, 2*x - 4 = -4*h - 10. Let j(o) = 0*o**2 + 4*o**3 - o + o**2 + x + 0. Let z(l) = l + 3. Let u be z(-2). Determine j(u).
5
Let c(m) = -5 + 5*m - m**3 + 37*m**2 - 5*m - 2*m - 32*m**2. What is c(4)?
3
Let n(w) be the first derivative of 3 + 1/3*w**3 + 1/2*w**2 - w. Determine n(-3).
5
Let p(h) = 2*h + 6*h + h**3 + 0*h + 2*h**2 + 1 - 9*h. Suppose 3*m + 0 = -9. What is p(m)?
-5
Let r(s) = 0*s**3 - 5 + s**3 + 8*s - 5*s**3 + 3*s**3 - 4*s**2. Let j(v) = -v**3 + v**2 + v - 1. Let g(z) = 2*j(z) - r(z). What is g(5)?
-2
Let l be ((2 + (-3 - -1))/(-1))/(-1). Let b(d) = -d**2 + d + 9. Determine b(l).
9
Let s(d) = d**2 + 45*d - 15*d - 15*d - 19*d + 2. Give s(4).
2
Let o be (-5 + 0)*3/(-5). Let r(t) = -11 - o*t + 11 + 7*t. Determine r(-1).
-4
Let j(w) = -8*w + 8. Let q be j(-6). Let y(g) = 25 - q + g**3 + 27. What is y(0)?
-4
Let d(p) = p + 2. Suppose -5*c + 15 = k, 3*k - 14 + 3 = 2*c. Suppose -c*g - 3*v = 11, -13 = 6*g - 3*g + v. Calculate d(g).
-2
Let t(a) = 60 + a - 61 - 5*a**2 + 6*a**2 + 9*a**2. Let i = 3 - 2. Calculate t(i).
10
Let x(v) = 5*v**2 + v - 5*v + 0*v**3 - 1 + v**3. Calculate x(-5).
19
Let b(r) be the second derivative of -r**3/6 - 3*r**2/2 + 10*r. Let h be -10*(-1 + (-3)/(-6)). Determine b(h).
-8
Suppose 4 = 2*j - 0. Let y be -1*1*(3 + -2). Let d be 0/(-2*y/j). Let v(x) = -x + 6. Calculate v(d).
6
Suppose -5*a + 0*a = -2*v - 11, -3*v + 15 = 3*a. Let p(q) be the second derivative of -v*q - 3/2*q**2 + 1/6*q**3 + 0. Give p(3).
0
Let a(z) be the second derivative of -7*z**3/6 - 5*z**2/2 - z. Let m(c) = 4*c + 3. Let v(u) = -3*a(u) - 5*m(u). Let f = -14 + 12. What is v(f)?
-2
Suppose 2 = -4*p + 10. Suppose 3*w - p = 7. Let f(l) = -l - 2. Let x(b) = -1. Let d(t) = -f(t) + 3*x(t). Determine d(w).
2
Let j(t) = -4*t**3 + 8*t**2 - 5*t - 5. Let b(y) = 3*y**3 - 7*y**2 + 5*y + 5. Let f(z) = -5*b(z) - 4*j(z). What is f(-4)?
-1
Let l(y) = y**2 + 4*y - 3. Let w be l(-5). Let b be w/(-3) - 17/(-3). Let k(n) = -2 + 4 + 6 - 3*n - 3. Calculate k(b).
-10
Let a = -22 - -15. Let l(k) be the second derivative of -k**3/6 - 3*k**2 + 31*k. Calculate l(a).
1
Let j(m) = -m**2 + 4*m - 1. Suppose 4*r = a + 15, 4*a - 3 = 3*r + 2. Give j(a).
-6
Let l(y) be the second derivative of y**4/12 + 2*y**3/3 - y**2/2 - y + 18. Give l(-3).
-4
Let m(v) be the first derivative of -5*v**2/2 - v + 29. Give m(2).
-11
Let m(l) = 3*l - 8*l**2 - 5 - 9*l**2 + 9 + 0*l**2. Let w(p) = 50*p**2 - 8*p - 11. Let h(b) = 11*m(b) + 4*w(b). What is h(-1)?
12
Let f be 122/7 - 24/56. Let i = f - 16. Let y(h) = 13*h**2 + 2*h - 1. Determine y(i).
14
Let n be ((-24)/15)/(4/(-10)). Let b(m) = n*m**2 - 2 + 10*m**2 - m**3 - 11*m**2. Give b(3).
-2
Let q(t) be the second derivative of t**3/6 + 4*t**2 + 5*t. Give q(-6).
2
Let f be (6/(-9) + -1)*3. Let m(j) = -11*j - 2. Let g(o) = 7*o + 1. Let t(r) = f*m(r) - 8*g(r). Let x(v) = -v + 2. Let h(k) = -6*t(k) + 5*x(k). Determine h(1).
-1
Let k(w) be the third derivative of 0 + 0*w + 1/3*w**3 - 3*w**2 + 1/24*w**4. Let s be -1 + 3 + 1 + -1. Determine k(s).
4
Let v(i) = -4*i + 2. Let h be v(2). Let n be ((-4)/h)/((-1)/(-3)). Let j(a) = 2*a**2 + a**3 - 2*a**n - 4*a**2 + 2 - 7*a - a**2. Calculate j(6).
-4
Suppose -2*j + 1 = -3. Let l(h) = -2 + 2*h - 3*h + j. Determine l(-4).
4
Let t(a) = 3*a - 3. Let u(w) = 3*w - 54. Let l be u(19). What is t(l)?
6
Let f(a) = -a - 8. Let d be f(-10). Let c(i) = 3*i - 2*i**d + 0*i + 2*i**2 + 2*i**2 + 3. Determine c(-2).
5
Let s = -8 - -9. Let o(b) = 3*b**3 - 2*b**2 + 1. What is o(s)?
2
Let j(n) = -7*n + 3. Let r(x) be the third derivative of -x**4/8 + x**3/6 - 2*x**2. Let l(g) = 2*j(g) - 5*r(g). Calculate l(-1).
0
Let j = 6 + -4. Let c(k) = -1 + k**j - 2 - 4 + 4*k. Calculate c(-6).
5
Suppose r = 2*r - 1. Let f(p) = -3*p**3 - p. Let o be f(r). Let z(q) be the first derivative of q**4/4 + 5*q**3/3 + 3*q**2/2 - 3*q + 1. What is z(o)?
1
Let q(w) = -w**2 - 5*w + 5. Suppose -5*c = 16 + 14. Let v be ((-50)/15)/((-4)/c). Calculate q(v).
5
Let x(j) = -j**2 - 11*j - 12. Let z be ((-6)/4)/(1/6). Calculate x(z).
6
Let t(d) = d**2 - 5*d + 1. Let r(b) = 2*b**2 - 4*b + 2. Let p be r(2). Let j be t(p). Let m(z) = z + 3. Determine m(j).
-2
Let f(c) = -c**3 + 7*c**2 - 7*c + 9. Let h be f(6). Let j(z) be the first derivative of -5/2*z**2 + 1/4*z**4 - z**3 - h*z + 2. Determine j(4).
-7
Let a = -14 - 13. Let g(v) = v. Let x be g(-2). Let w be x/4 - a/(-6). Let p(l) = -l + 1. Calculate p(w).
6
Let q(x) = 8*x**2 - 1. Let t = 1 - 0. Let h(a) = 0*a**2 + 1 - 2*a**2 + 0. Let j be h(t). Give q(j).
7
Let u = 7 + -4. Let j(s) = -s + 1. Calculate j(u).
-2
Suppose u - 5*i = -24, 3*i = -u + 6 + 2. Let t(q) = 0 - 1 - q - 2*q - q**2. What is t(u)?
-5
Let k(t) = 2*t**2 + 5*t + 3. Let b(a) = a + 11. Let m be b(-9). Let r = m - 5. Give k(r).
6
Let r(n) = n + 12. Let d(s) = s**3 + 4*s**2 - 3*s + 10. Let i be d(-5). Give r(i).
12
Let p(i) = -5 - 5*i + 3*i**2 - i**3 + 3*i**3 - i**3. Let f = 18 - 18. Suppose f*c + 12 = -3*c. What is p(c)?
-1
Let g(b) = -b**3 + 8*b**2 - 9*b + 16. Let a be g(7). Let c be 2/6 - 8/(-3). Suppose c = a*z + z. Let u(w) = -9*w**3 - w**2 - w + 1. What is u(z)?
-10
Let c(s) = -s**3 + s**3 + 2*s**3 - s**3 - 4*s**2 - 5*s. Give c(5).
0
Suppose -2*c + 7*o - 2*o - 3 = 0, -5*c + o = 19. Let v(p) = -p**2 - 2*p + 3. What is v(c)?
-5
Let y(m) be the first derivative of -m**4/4 + 4*m**3/3 + m**2/2 - 2*m + 8. Determine y(4).
2
Let j = -11 + 8. Let x be (-12 - j)/(6/4). Let r(a) = -a + 3. Give r(x).
9
Let j be 24/10 - 15/(-25). Let t(l) = -3*l - 1. Give t(j).
-10
Let q(k) be the second derivative of k**3/3 + k**2 - k. Let d be -2*4 - (8 - 5). Let l = d + 8. Give q(l).
-4
Let x be -2*(3/(-2) - -1). Let q(y) = 2*y + y**2 - 2 + x - 7*y**2. Let l(s) = 5*s**2 - 2*s + 1. Let v(m) = -4*l(m) - 3*q(m). What is v(1)?
-1
Let i(v) be the first derivative of -1/4*v**4 - 1/2*v**2 - 2 - v - 1/3*v**3. Let b = 9 + -11. Give i(b).
5
Let f(w) be the second derivative of -w**4/12 - w**3 + w**2 + 27*w. Determine f(-5).
7
Let m(l) be the first derivative of l**4/4 + 2*l**3 + 7*l + 10. Calculate m(-6).
7
Let n(t) = -t - 2. Let z(l) = -3*l + 1. Let o be z(4). Let h = -7 - o. What is n(h)?
-6
Let t = 11 - 7. Let s(w) = -4 - 4 + w + t + 0. Give s(0).
-4
Let t(c) = -c**3 - 7*c**2 - 7*c - 4. Let k be (-3 - -5) + (3 - 5). Suppose s - 3*s - 12 = k. What is t(s)?
2
Let j(t) = -14*t + 9 - 5 - 5. Give j(-1).
13
Let d(t) = -t**3. Let i be d(-1). Let c(q) = -13*q**3 - 8*q**2 - 6*q + 1. Let r(b) = 25*b**3 + 15*b**2 + 11*b - 2. Let v(w) = 11*c(w) + 6*r(w). What is v(i)?
8
Let p(v) be the second derivative of v**3/6 + 9*v**2/2 - v. Let q(w) = -8*w. Let f be q(1). Let y = 4 + f. Calculate p(y).
5
Let x(q) = -30*q + 47*q - 18*q - 2*q**3 - 1. What is x(-2)?
17
Let k be (-14)/(-8)*4 + -1. Let s(y) = y - 14. Calculate s(k).
-8
Let p(w) = -w**3 + 5*w**2 - 6*w + 5. Suppose 0 = 8*k - 8 - 24. Calculate p(k).
-3
Let d(j) = -2*j**2 - 13*j - 5. Let l(v) = -3*v**2 - 19*v - 7. Let x(y) = -7*d(y) + 5*l(y). Determine x(-3).
3
Let o(v) = -v + 1. Suppose 0 = -0*r - 5*r + 10. Let y be (0 - (-1 + 3))*r. Calculate o(y).
5
Suppose -n - 5 = -3. Let b(f) = -2*f**2 - 3*f + 0*f**3 + 5*f**2 - 3 - f**2 + 2*f**3. Give b(n).
-5
Let n(m) be the third derivative of m**4/12 - 7*m**3/6 - 3*m**2. Let p be n(-7). Let z be 3*(-2 + p/(-9)). Let c(o) = 3*o**3 + o**2. Give c(z).
4
Suppose -3*v - 2*n + 7 = 1, -3*v - 3*n = -6. Suppose c + 3*c = -v*f + 8, -32 = -3*c + 5*f. Let g(o) be the first derivative of o**2/2 + o - 6. Give g(c).
5
Let u = -154 + 157. Let y(x) = -9*x - 25. Let c(o) = -o - 3. Let s(j) = 51*c(j) - 6*y(j). Calculate s(u).
6
Let j(z) be the second derivative of -3*z**5/10 - z**2/2 - 5*z. What is j(-1)?
5
Let r(c) be the second derivative of -c**7/2520 + c**6/180 - c**5/24 + c**4/4 - c. Let b(a) be the third derivative of r(a). Calculate b(4).
-5
Let b(h) = h**2 - 10*h - 5. Let o be b(10). Let c(l) = 7*l**3 + 12*l**2 - 4. Let y(p) = -15*p**3 - 25*p**2 + p + 8. Let d(n) = 13*c(n) + 6*y(n). Give d(o).
-9
Let o(i) = -i**2 - 3*i - 6. Let s be o(-3). Let v(n) = -n - 6. What is v(s)?
0
Let q(v) = -v**3 + 5*v**2 - 3*v + 2. Let g be 4/(-6) + 20/12. Let y(b) = 2*b**2 + 3*b - 2. Let l be y(g). Give q(l).
11
Let m(t) = t**3 - t + 1. Suppose 4*n - 4 = 4*q + 28, n = -q - 14. Let f = q - -11. What is m(f)?
1
Let q(k) = -5*k**3 + k**2 - 4*k 